{"id":560,"date":"2018-11-02T16:28:58","date_gmt":"2018-11-02T16:28:58","guid":{"rendered":"https:\/\/servir.de\/wordpress\/?page_id=560"},"modified":"2019-03-27T18:26:16","modified_gmt":"2019-03-27T18:26:16","slug":"pequeno-davi","status":"publish","type":"page","link":"https:\/\/servir.de\/?page_id=560","title":{"rendered":"Pequeno Davi"},"content":{"rendered":"\n<p>Auf einem seiner fast j\u00e4hrlichen Besuche in seiner alten Heimat im Sauerland bat uns Pater Muer aus Brasilien, ein Herzensprojekt von Schwester Maria Luiza zu verwirklichen. Es ging um den Kauf eines leerstehenden Geb\u00e4udes, in dem sie eine Kleinkinder-Rettungsstation einrichten wollte. Zu viele kleine Kreuze auf den Friedh\u00f6fen von Janu\u00e1ria waren der Hinweis f\u00fcr sie, den Ursachen des \u00fcberproportionalen Kindersterbens in dieser Stadt nachzugehen. Und so entstand der \u201ePequeno Davi\u201c, der \u201ekleine David\u201c.<\/p>\n\n\n\n<p>Es war eine S\u00e4uglingsstation der besonderen Art. In dem eher unscheinbaren Geb\u00e4ude im Zentrum Janu\u00e1rias wurden Kinder bis zu drei Jahren aufgenommen, die wegen v\u00f6lliger Unterern\u00e4hrung akut an Leib und Leben gef\u00e4hrdet waren. Sie wurden von Ordensschwestern in ganzt\u00e4gigem Einsatz aus ihrem lebensbedrohlichen Zustand heraus \u201eaufgep\u00e4ppelt\u201c und nach Wochen, so der Einsatz nicht zu sp\u00e4t kam, an ihre Eltern zur\u00fcckgegeben.<\/p>\n\n\n\n<ul class=\"wp-block-gallery columns-2 is-cropped wp-block-gallery-1 is-layout-flex wp-block-gallery-is-layout-flex\"><li class=\"blocks-gallery-item\"><figure><img loading=\"lazy\" decoding=\"async\" width=\"918\" height=\"612\" src=\"https:\/\/servir.de\/wordpress\/wp-content\/uploads\/2018\/12\/Ansicht-PequenoDavi.jpg\" alt=\"\" data-id=\"1604\" data-link=\"https:\/\/servir.de\/wordpress\/?attachment_id=1604\" class=\"wp-image-1604\" srcset=\"https:\/\/servir.de\/wordpress\/wp-content\/uploads\/2018\/12\/Ansicht-PequenoDavi.jpg 918w, https:\/\/servir.de\/wordpress\/wp-content\/uploads\/2018\/12\/Ansicht-PequenoDavi-300x200.jpg 300w, https:\/\/servir.de\/wordpress\/wp-content\/uploads\/2018\/12\/Ansicht-PequenoDavi-768x512.jpg 768w, https:\/\/servir.de\/wordpress\/wp-content\/uploads\/2018\/12\/Ansicht-PequenoDavi-676x451.jpg 676w\" sizes=\"(max-width: 918px) 100vw, 918px\" \/><figcaption>Die S\u00e4uglingsstation \u201cPequeno Davi\u201d<\/figcaption><\/figure><\/li><li class=\"blocks-gallery-item\"><figure><img loading=\"lazy\" decoding=\"async\" width=\"800\" height=\"533\" src=\"https:\/\/servir.de\/wordpress\/wp-content\/uploads\/2018\/11\/IMG_0865.jpg\" alt=\"\" data-id=\"1051\" data-link=\"https:\/\/servir.de\/wordpress\/?attachment_id=1051\" class=\"wp-image-1051\" srcset=\"https:\/\/servir.de\/wordpress\/wp-content\/uploads\/2018\/11\/IMG_0865.jpg 800w, https:\/\/servir.de\/wordpress\/wp-content\/uploads\/2018\/11\/IMG_0865-300x200.jpg 300w, https:\/\/servir.de\/wordpress\/wp-content\/uploads\/2018\/11\/IMG_0865-768x512.jpg 768w, https:\/\/servir.de\/wordpress\/wp-content\/uploads\/2018\/11\/IMG_0865-676x450.jpg 676w\" sizes=\"(max-width: 800px) 100vw, 800px\" \/><figcaption>Schwester Maria Luiza<\/figcaption><\/figure><\/li><\/ul>\n\n\n\n<p>Ohne begleitende Ma\u00dfnahmen im Elternhaus machte diese Hilfe jedoch wenig Sinn. So erfuhren die Eltern parallel zur Behandlung ihrer Kinder viel \u00fcber richtige Ern\u00e4hrung, S\u00e4uglingspflege und Hygiene. Wo es durch das \u00fcbergro\u00dfe Elend notwendig war, halfen die Schwestern auch nach der Entlassung des Kindes weiterhin mit Nahrungsmitteln aus.<\/p>\n\n\n\n<p>Der urspr\u00fcngliche selbstgesetzte Anspruch des \u201ePequeno Davi\u201c, Kleinkinder vor dem Hungertod zu retten, ist zwischenzeitlich aus politischen Gr\u00fcnden ge\u00e4ndert worden. Vom Hungertod bedrohte brasilianische Kinder darf es nicht mehr geben. Dilma Rousseff, ehemalige Pr\u00e4sidentin Brasiliens, setzte im Parlament Ma\u00dfnahmen durch, die die finanzielle Situation der Armen deutlich verbessert hat. Mit dem Wegfall dieser Klientel konnte man die Zielsetzung \u00e4ndern. <\/p>\n\n\n\n<ul class=\"wp-block-gallery columns-2 is-cropped wp-block-gallery-2 is-layout-flex wp-block-gallery-is-layout-flex\"><li class=\"blocks-gallery-item\"><figure><img loading=\"lazy\" decoding=\"async\" width=\"800\" height=\"533\" src=\"https:\/\/servir.de\/wordpress\/wp-content\/uploads\/2018\/11\/IMG_0845.jpg\" alt=\"\" data-id=\"1046\" data-link=\"https:\/\/servir.de\/wordpress\/?attachment_id=1046\" class=\"wp-image-1046\" srcset=\"https:\/\/servir.de\/wordpress\/wp-content\/uploads\/2018\/11\/IMG_0845.jpg 800w, https:\/\/servir.de\/wordpress\/wp-content\/uploads\/2018\/11\/IMG_0845-300x200.jpg 300w, https:\/\/servir.de\/wordpress\/wp-content\/uploads\/2018\/11\/IMG_0845-768x512.jpg 768w, https:\/\/servir.de\/wordpress\/wp-content\/uploads\/2018\/11\/IMG_0845-676x450.jpg 676w\" sizes=\"(max-width: 800px) 100vw, 800px\" \/><figcaption>Besuch von Mitgliedern des Servir e.V.<\/figcaption><\/figure><\/li><li class=\"blocks-gallery-item\"><figure><img loading=\"lazy\" decoding=\"async\" width=\"800\" height=\"533\" src=\"https:\/\/servir.de\/wordpress\/wp-content\/uploads\/2018\/10\/werner.jpg\" alt=\"\" data-id=\"371\" data-link=\"https:\/\/servir.de\/wordpress\/?attachment_id=371\" class=\"wp-image-371\" srcset=\"https:\/\/servir.de\/wordpress\/wp-content\/uploads\/2018\/10\/werner.jpg 800w, https:\/\/servir.de\/wordpress\/wp-content\/uploads\/2018\/10\/werner-300x200.jpg 300w, https:\/\/servir.de\/wordpress\/wp-content\/uploads\/2018\/10\/werner-768x512.jpg 768w, https:\/\/servir.de\/wordpress\/wp-content\/uploads\/2018\/10\/werner-676x450.jpg 676w\" sizes=\"(max-width: 800px) 100vw, 800px\" \/><figcaption>Werner in Aktion<\/figcaption><\/figure><\/li><\/ul>\n\n\n\n<p>Jetzt werden im Kleinen David sozial auff\u00e4llige Kinder betreut, d.h. Kinder, die wegen verschiedener Formen der Misshandlung aus den Familien genommen wurden. Diese Kinder waren in der Regel \u00fcber l\u00e4ngere Zeit starker physischer Gewalt ausgesetzt. Sie wurden von ihren eigenen Familienangeh\u00f6rigen regelm\u00e4\u00dfig geschlagen oder auch sexuell missbraucht. Am h\u00e4ufigsten sind es Alkohol- und Drogenprobleme, die bewirken, dass Eltern, oft Alleinerziehende, nicht in der Lage sind, angemessen f\u00fcr die Erziehung ihrer Kinder Verantwortung zu \u00fcbernehmen.<\/p>\n\n\n\n<p>Zurzeit sind etwa 20 Kinder im Alter von 0 bis 12 Jahren in der Einrichtung, mehrere von ihnen immer noch wegen Unterern\u00e4hrung, andere Kinder warten auf die Rehabilitation ihrer Eltern, wieder andere warten auf eine Adoption. Die Belegung des \u201ePequeno Davi\u201c liegt in der Regel an der Grenze des Erlaubten. Die N\u00f6te der Kinder sind eine bleibende Realit\u00e4t; sie fordern uns immer neu heraus, das Leben zu sch\u00fctzen und zu f\u00f6rdern.<\/p>\n\n\n\n<p>Schwester Maria Luiza ist mit ihren 87 Jahren und einer starken Gehbehinderung immer noch die Seele des Projekts, auch wenn sie viele Aufgaben an ihre Mitarbeiterinnen und Mitarbeiter abgegeben hat.<\/p>\n","protected":false},"excerpt":{"rendered":"<p>Auf einem seiner fast j\u00e4hrlichen Besuche in seiner alten Heimat im Sauerland bat uns Pater Muer aus Brasilien, ein Herzensprojekt von Schwester Maria Luiza zu verwirklichen. Es ging um den Kauf eines leerstehenden Geb\u00e4udes, in dem sie eine Kleinkinder-Rettungsstation einrichten wollte. Zu viele kleine Kreuze auf den Friedh\u00f6fen von Janu\u00e1ria waren der Hinweis f\u00fcr sie, [&hellip;]<\/p>\n","protected":false},"author":5,"featured_media":0,"parent":384,"menu_order":1,"comment_status":"closed","ping_status":"closed","template":"template-fullwidth.php","meta":{"ngg_post_thumbnail":0,"footnotes":""},"_links":{"self":[{"href":"https:\/\/servir.de\/index.php?rest_route=\/wp\/v2\/pages\/560"}],"collection":[{"href":"https:\/\/servir.de\/index.php?rest_route=\/wp\/v2\/pages"}],"about":[{"href":"https:\/\/servir.de\/index.php?rest_route=\/wp\/v2\/types\/page"}],"author":[{"embeddable":true,"href":"https:\/\/servir.de\/index.php?rest_route=\/wp\/v2\/users\/5"}],"replies":[{"embeddable":true,"href":"https:\/\/servir.de\/index.php?rest_route=%2Fwp%2Fv2%2Fcomments&post=560"}],"version-history":[{"count":11,"href":"https:\/\/servir.de\/index.php?rest_route=\/wp\/v2\/pages\/560\/revisions"}],"predecessor-version":[{"id":2229,"href":"https:\/\/servir.de\/index.php?rest_route=\/wp\/v2\/pages\/560\/revisions\/2229"}],"up":[{"embeddable":true,"href":"https:\/\/servir.de\/index.php?rest_route=\/wp\/v2\/pages\/384"}],"wp:attachment":[{"href":"https:\/\/servir.de\/index.php?rest_route=%2Fwp%2Fv2%2Fmedia&parent=560"}],"curies":[{"name":"wp","href":"https:\/\/api.w.org\/{rel}","templated":true}]}}