{"id":558,"date":"2018-11-02T16:28:08","date_gmt":"2018-11-02T16:28:08","guid":{"rendered":"https:\/\/servir.de\/wordpress\/?page_id=558"},"modified":"2019-03-27T18:18:53","modified_gmt":"2019-03-27T18:18:53","slug":"servir","status":"publish","type":"page","link":"https:\/\/servir.de\/?page_id=558","title":{"rendered":"Servir"},"content":{"rendered":"\n<p>Servir ist eine Kindertagesst\u00e4tte in Janu\u00e1ria, einer kleinen Stadt im Inland Brasiliens.  Dies war das zentrale Projekt des Vereins, dem er auch seinen Namen verdankt.  Die Tagesst\u00e4tte wurde auf Initiative der \u201eSchwestern von der g\u00f6ttlichen Vorsehung\u201c in enger Zusammenarbeit mit den \u201eMissionaren von der Heiligen Familie\u201c gebaut. Der gro\u00dfe Geb\u00e4udekomplex beherbergte tags\u00fcber zu seinen Hochzeiten bis 350 Kinder t\u00e4glich. Diese teilten sich in zwei Gruppen auf, von denen die erste vormittags und die zweite nachmittags betreut wurden. Die Einteilung der Kinder richtete sich nach den im Schichtbetrieb laufenden t\u00e4glichen Unterrichtszeiten an den staatlichen Schulen.<\/p>\n\n\n\n<ul class=\"wp-block-gallery columns-2 is-cropped wp-block-gallery-1 is-layout-flex wp-block-gallery-is-layout-flex\"><li class=\"blocks-gallery-item\"><figure><img loading=\"lazy\" decoding=\"async\" width=\"800\" height=\"533\" src=\"https:\/\/servir.de\/wordpress\/wp-content\/uploads\/2018\/09\/IMG_0651.jpg\" alt=\"\" data-id=\"197\" data-link=\"https:\/\/servir.de\/wordpress\/?attachment_id=197\" class=\"wp-image-197\" srcset=\"https:\/\/servir.de\/wordpress\/wp-content\/uploads\/2018\/09\/IMG_0651.jpg 800w, https:\/\/servir.de\/wordpress\/wp-content\/uploads\/2018\/09\/IMG_0651-300x200.jpg 300w, https:\/\/servir.de\/wordpress\/wp-content\/uploads\/2018\/09\/IMG_0651-768x512.jpg 768w, https:\/\/servir.de\/wordpress\/wp-content\/uploads\/2018\/09\/IMG_0651-676x450.jpg 676w\" sizes=\"(max-width: 800px) 100vw, 800px\" \/><figcaption>Eingang der Kindertagesst\u00e4tte Servir<\/figcaption><\/figure><\/li><li class=\"blocks-gallery-item\"><figure><img loading=\"lazy\" decoding=\"async\" width=\"600\" height=\"450\" src=\"https:\/\/servir.de\/wordpress\/wp-content\/uploads\/2018\/11\/image19b.jpg\" alt=\"\" data-id=\"1105\" data-link=\"https:\/\/servir.de\/wordpress\/?attachment_id=1105\" class=\"wp-image-1105\" srcset=\"https:\/\/servir.de\/wordpress\/wp-content\/uploads\/2018\/11\/image19b.jpg 600w, https:\/\/servir.de\/wordpress\/wp-content\/uploads\/2018\/11\/image19b-300x225.jpg 300w\" sizes=\"(max-width: 600px) 100vw, 600px\" \/><figcaption>Kinder im Servir<\/figcaption><\/figure><\/li><\/ul>\n\n\n\n<p>Im Servir erhielten die bed\u00fcrftigen Kinder nicht nur kostenlos bis zu drei Mahlzeiten am Tag; vielmehr achteten ihre Betreuer auch darauf, dass die \u00e4lteren unter ihnen zur Schule gehen. Den Rest des Tages machten sie im Servir unter Aufsicht Hausaufgaben, bzw. lernten auf dem landwirtschaftlichen Gel\u00e4nde des Projekts, in der kleinen Lehrwerkstatt oder auch in der Schneiderei und B\u00e4ckerei praktische Fertigkeiten, die sie im sp\u00e4teren Leben bestens gebrauchen konnten. Der Verkauf von Backwaren, selbst geerntetem Gem\u00fcse und von Artikeln, die in den Werkst\u00e4tten von Servir entstehen, trug zum Unterhalt des Projekts bei.<\/p>\n\n\n\n<ul class=\"wp-block-gallery columns-2 is-cropped wp-block-gallery-2 is-layout-flex wp-block-gallery-is-layout-flex\"><li class=\"blocks-gallery-item\"><figure><img loading=\"lazy\" decoding=\"async\" width=\"600\" height=\"450\" src=\"https:\/\/servir.de\/wordpress\/wp-content\/uploads\/2018\/11\/image07b.jpg\" alt=\"\" data-id=\"1093\" data-link=\"https:\/\/servir.de\/wordpress\/?attachment_id=1093\" class=\"wp-image-1093\" srcset=\"https:\/\/servir.de\/wordpress\/wp-content\/uploads\/2018\/11\/image07b.jpg 600w, https:\/\/servir.de\/wordpress\/wp-content\/uploads\/2018\/11\/image07b-300x225.jpg 300w\" sizes=\"(max-width: 600px) 100vw, 600px\" \/><figcaption>Speisesaal im Servir<\/figcaption><\/figure><\/li><li class=\"blocks-gallery-item\"><figure><img loading=\"lazy\" decoding=\"async\" width=\"960\" height=\"629\" src=\"https:\/\/servir.de\/wordpress\/wp-content\/uploads\/2018\/11\/Ansicht-Servir-1.jpg\" alt=\"\" data-id=\"800\" data-link=\"https:\/\/servir.de\/wordpress\/?attachment_id=800\" class=\"wp-image-800\" srcset=\"https:\/\/servir.de\/wordpress\/wp-content\/uploads\/2018\/11\/Ansicht-Servir-1.jpg 960w, https:\/\/servir.de\/wordpress\/wp-content\/uploads\/2018\/11\/Ansicht-Servir-1-300x197.jpg 300w, https:\/\/servir.de\/wordpress\/wp-content\/uploads\/2018\/11\/Ansicht-Servir-1-768x503.jpg 768w, https:\/\/servir.de\/wordpress\/wp-content\/uploads\/2018\/11\/Ansicht-Servir-1-676x443.jpg 676w\" sizes=\"(max-width: 960px) 100vw, 960px\" \/><figcaption>Spielplatz im Servir<\/figcaption><\/figure><\/li><\/ul>\n\n\n\n<p>Servir liegt im Moment auf Eis. Wegen Unregelm\u00e4\u00dfigkeiten, finanziellen Schwierigkeiten und Vetternwirtschaft ist der Betrieb vor\u00fcbergehend eingestellt. Die Stadt, die den Komplex \u00fcbernommen hat, steckt selbst in gro\u00dfen Schwierigkeiten und hat den finanziellen Notstand ausgerufen.<\/p>\n","protected":false},"excerpt":{"rendered":"<p>Servir ist eine Kindertagesst\u00e4tte in Janu\u00e1ria, einer kleinen Stadt im Inland Brasiliens. Dies war das zentrale Projekt des Vereins, dem er auch seinen Namen verdankt. Die Tagesst\u00e4tte wurde auf Initiative der \u201eSchwestern von der g\u00f6ttlichen Vorsehung\u201c in enger Zusammenarbeit mit den \u201eMissionaren von der Heiligen Familie\u201c gebaut. Der gro\u00dfe Geb\u00e4udekomplex beherbergte tags\u00fcber zu seinen Hochzeiten [&hellip;]<\/p>\n","protected":false},"author":5,"featured_media":0,"parent":384,"menu_order":0,"comment_status":"closed","ping_status":"closed","template":"template-fullwidth.php","meta":{"ngg_post_thumbnail":0,"footnotes":""},"_links":{"self":[{"href":"https:\/\/servir.de\/index.php?rest_route=\/wp\/v2\/pages\/558"}],"collection":[{"href":"https:\/\/servir.de\/index.php?rest_route=\/wp\/v2\/pages"}],"about":[{"href":"https:\/\/servir.de\/index.php?rest_route=\/wp\/v2\/types\/page"}],"author":[{"embeddable":true,"href":"https:\/\/servir.de\/index.php?rest_route=\/wp\/v2\/users\/5"}],"replies":[{"embeddable":true,"href":"https:\/\/servir.de\/index.php?rest_route=%2Fwp%2Fv2%2Fcomments&post=558"}],"version-history":[{"count":12,"href":"https:\/\/servir.de\/index.php?rest_route=\/wp\/v2\/pages\/558\/revisions"}],"predecessor-version":[{"id":2227,"href":"https:\/\/servir.de\/index.php?rest_route=\/wp\/v2\/pages\/558\/revisions\/2227"}],"up":[{"embeddable":true,"href":"https:\/\/servir.de\/index.php?rest_route=\/wp\/v2\/pages\/384"}],"wp:attachment":[{"href":"https:\/\/servir.de\/index.php?rest_route=%2Fwp%2Fv2%2Fmedia&parent=558"}],"curies":[{"name":"wp","href":"https:\/\/api.w.org\/{rel}","templated":true}]}}