{"id":528,"date":"2018-11-01T16:43:08","date_gmt":"2018-11-01T16:43:08","guid":{"rendered":"https:\/\/servir.de\/wordpress\/?page_id=528"},"modified":"2022-03-21T07:18:04","modified_gmt":"2022-03-21T07:18:04","slug":"impressum-2","status":"publish","type":"page","link":"https:\/\/servir.de\/?page_id=528","title":{"rendered":"Impressum"},"content":{"rendered":"\n<h4 class=\"wp-block-heading\"><a>Anschrift<\/a><\/h4>\n\n\n\n<p>Servir e.V.<br>c\/o Anne-Katrin Lingemann<\/p>\n\n\n\n<p>Gymnasium Maria-K\u00f6nigin<br>Olper Str. 46-48<br>57368 Lennestadt<br><br>Tel.: 02723 \/ 68780<br>Fax: 02723 \/ 687829<br><br>e-Mail:\u00a0<a href=\"https:\/\/servir.de\/?page_id=2660\" data-type=\"URL\">Servir<\/a><a href=\"https:\/\/servir.de\/?page_id=2345\"><\/a><\/p>\n\n\n\n<hr class=\"wp-block-separator\"\/>\n\n\n\n<h4 class=\"wp-block-heading\"><a>Vertretungsberechtigter Vorstand<\/a><\/h4>\n\n\n\n<p>Anne-Katrin Lingemann\u00a0(Vorsitzende) (<a href=\"https:\/\/servir.de\/?page_id=2660\" data-type=\"URL\" data-id=\"https:\/\/servir.de\/?page_id=2660\">Kontaktformular<\/a>) ,                                                                              Frederik Linn (2. Vorsitzender) (<a href=\"https:\/\/servir.de\/?page_id=2657\">Kontaktformular<\/a>),<br>Andreas Behle (Kassierer),<br>Alexander Wolf (Schriftf\u00fchrer<\/p>\n\n\n\n<h4 class=\"wp-block-heading\"><a>Registergericht<\/a><\/h4>\n\n\n\n<p>Amtsgericht Lennestadt<br>VR 629<\/p>\n\n\n\n<hr class=\"wp-block-separator\"\/>\n\n\n\n<h4 class=\"wp-block-heading\"><a>Inhaltlich Verantwortlicher gem\u00e4\u00df \u00a7 10 Abs. 3 MDStV<\/a><\/h4>\n\n\n\n<p>Alexander Wolf<br>Im Erb 44<br>52078 Aachen<\/p>\n\n\n\n<hr class=\"wp-block-separator\"\/>\n\n\n\n<h4 class=\"wp-block-heading\"><a>Haftungshinweis<\/a><\/h4>\n\n\n\n<p>Trotz sorgf\u00e4ltiger inhaltlicher Kontrolle \u00fcbernehmen wir keine Haftung f\u00fcr die Inhalte externer Links. F\u00fcr den Inhalt der verlinkten Seiten sind ausschlie\u00dflich deren Betreiber verantwortlich.<\/p>\n\n\n\n<hr class=\"wp-block-separator\"\/>\n\n\n\n<h4 class=\"wp-block-heading\"><a>Projektleitung<\/a><\/h4>\n\n\n\n<p>Werner Liesmann (Redaktion)<br>Alexander Wolf (Programmierung)<\/p>\n\n\n\n<hr class=\"wp-block-separator\"\/>\n\n\n\n<h4 class=\"wp-block-heading\"><a>Mitarbeiter<\/a><\/h4>\n\n\n\n<p>Andreas Behle<br>Markus Epe<\/p>\n\n\n\n<hr class=\"wp-block-separator\"\/>\n\n\n\n<h4 class=\"wp-block-heading\"><a>Grafik-Design<\/a><\/h4>\n\n\n\n<p>Anna Feldmann<br>Marlene Skala<br>Friederike Wagner<br>Alexander Wolf<\/p>\n","protected":false},"excerpt":{"rendered":"<p>Anschrift Servir e.V.c\/o Anne-Katrin Lingemann Gymnasium Maria-K\u00f6niginOlper Str. 46-4857368 Lennestadt Tel.: 02723 \/ 68780Fax: 02723 \/ 687829 e-Mail:\u00a0Servir Vertretungsberechtigter Vorstand Anne-Katrin Lingemann\u00a0(Vorsitzende) (Kontaktformular) , Frederik Linn (2. Vorsitzender) (Kontaktformular),Andreas Behle (Kassierer),Alexander Wolf (Schriftf\u00fchrer Registergericht Amtsgericht LennestadtVR 629 Inhaltlich Verantwortlicher gem\u00e4\u00df \u00a7 10 Abs. 3 MDStV Alexander WolfIm Erb 4452078 Aachen Haftungshinweis Trotz sorgf\u00e4ltiger inhaltlicher Kontrolle [&hellip;]<\/p>\n","protected":false},"author":3,"featured_media":0,"parent":0,"menu_order":0,"comment_status":"closed","ping_status":"closed","template":"template-fullwidth.php","meta":{"ngg_post_thumbnail":0,"footnotes":""},"_links":{"self":[{"href":"https:\/\/servir.de\/index.php?rest_route=\/wp\/v2\/pages\/528"}],"collection":[{"href":"https:\/\/servir.de\/index.php?rest_route=\/wp\/v2\/pages"}],"about":[{"href":"https:\/\/servir.de\/index.php?rest_route=\/wp\/v2\/types\/page"}],"author":[{"embeddable":true,"href":"https:\/\/servir.de\/index.php?rest_route=\/wp\/v2\/users\/3"}],"replies":[{"embeddable":true,"href":"https:\/\/servir.de\/index.php?rest_route=%2Fwp%2Fv2%2Fcomments&post=528"}],"version-history":[{"count":8,"href":"https:\/\/servir.de\/index.php?rest_route=\/wp\/v2\/pages\/528\/revisions"}],"predecessor-version":[{"id":2769,"href":"https:\/\/servir.de\/index.php?rest_route=\/wp\/v2\/pages\/528\/revisions\/2769"}],"wp:attachment":[{"href":"https:\/\/servir.de\/index.php?rest_route=%2Fwp%2Fv2%2Fmedia&parent=528"}],"curies":[{"name":"wp","href":"https:\/\/api.w.org\/{rel}","templated":true}]}}