{"id":459,"date":"2018-11-01T13:53:12","date_gmt":"2018-11-01T13:53:12","guid":{"rendered":"https:\/\/servir.de\/wordpress\/?page_id=459"},"modified":"2019-03-29T21:12:22","modified_gmt":"2019-03-29T21:12:22","slug":"abend-fuer-servir","status":"publish","type":"page","link":"https:\/\/servir.de\/?page_id=459","title":{"rendered":"Abend f\u00fcr Servir"},"content":{"rendered":"\n<div class=\"wp-block-image\"><figure class=\"aligncenter is-resized\"><img loading=\"lazy\" decoding=\"async\" src=\"https:\/\/servir.de\/wordpress\/wp-content\/uploads\/2018\/11\/Servir-Abend-18-04.jpg\" alt=\"\" class=\"wp-image-1419\" width=\"896\" height=\"597\" srcset=\"https:\/\/servir.de\/wordpress\/wp-content\/uploads\/2018\/11\/Servir-Abend-18-04.jpg 4272w, https:\/\/servir.de\/wordpress\/wp-content\/uploads\/2018\/11\/Servir-Abend-18-04-300x200.jpg 300w, https:\/\/servir.de\/wordpress\/wp-content\/uploads\/2018\/11\/Servir-Abend-18-04-768x512.jpg 768w, https:\/\/servir.de\/wordpress\/wp-content\/uploads\/2018\/11\/Servir-Abend-18-04-1024x683.jpg 1024w, https:\/\/servir.de\/wordpress\/wp-content\/uploads\/2018\/11\/Servir-Abend-18-04-676x451.jpg 676w\" sizes=\"(max-width: 896px) 100vw, 896px\" \/><\/figure><\/div>\n\n\n\n<p>Seit 2015 l\u00e4dt der Servir e.V. die Sch\u00fclerinnen und Sch\u00fcler der Klassen 5 und deren Familien im Herbst zu einem Abend in gem\u00fctlicher Atmosph\u00e4re ein. Einerseits k\u00f6nnen so Kontakte zwischen den neuen Eltern gekn\u00fcpft werden, andererseits stellen wir an diesem Abend den Servir e.V. und die verschiedenen Projekte an der Schule wie zum Beispiel den Kuchenverkauf oder ALU vor. <\/p>\n\n\n\n<p>Die Idee f\u00fcr diesen Abend entstand aus dem Gedanken heraus, wie wir Eltern und Sch\u00fcler besser informieren und so auch mehr Unterst\u00fctzung im Laufe der Schulzeit f\u00fcr unsere Projekte erfahren k\u00f6nnen.<\/p>\n\n\n\n<ul class=\"wp-block-gallery alignwide columns-2 is-cropped wp-block-gallery-1 is-layout-flex wp-block-gallery-is-layout-flex\"><li class=\"blocks-gallery-item\"><figure><img loading=\"lazy\" decoding=\"async\" width=\"4272\" height=\"2848\" src=\"https:\/\/servir.de\/wordpress\/wp-content\/uploads\/2018\/11\/Servir-Abend-18-06.jpg\" alt=\"\" data-id=\"1437\" data-link=\"https:\/\/servir.de\/wordpress\/?attachment_id=1437\" class=\"wp-image-1437\" srcset=\"https:\/\/servir.de\/wordpress\/wp-content\/uploads\/2018\/11\/Servir-Abend-18-06.jpg 4272w, https:\/\/servir.de\/wordpress\/wp-content\/uploads\/2018\/11\/Servir-Abend-18-06-300x200.jpg 300w, https:\/\/servir.de\/wordpress\/wp-content\/uploads\/2018\/11\/Servir-Abend-18-06-768x512.jpg 768w, https:\/\/servir.de\/wordpress\/wp-content\/uploads\/2018\/11\/Servir-Abend-18-06-1024x683.jpg 1024w, https:\/\/servir.de\/wordpress\/wp-content\/uploads\/2018\/11\/Servir-Abend-18-06-676x451.jpg 676w\" sizes=\"(max-width: 4272px) 100vw, 4272px\" \/><\/figure><\/li><li class=\"blocks-gallery-item\"><figure><img loading=\"lazy\" decoding=\"async\" width=\"641\" height=\"428\" src=\"https:\/\/servir.de\/wordpress\/wp-content\/uploads\/2018\/11\/8803544678E74E79AB0F4F6C83C185FE-2.jpg\" alt=\"\" data-id=\"1451\" data-link=\"https:\/\/servir.de\/wordpress\/?attachment_id=1451\" class=\"wp-image-1451\" srcset=\"https:\/\/servir.de\/wordpress\/wp-content\/uploads\/2018\/11\/8803544678E74E79AB0F4F6C83C185FE-2.jpg 641w, https:\/\/servir.de\/wordpress\/wp-content\/uploads\/2018\/11\/8803544678E74E79AB0F4F6C83C185FE-2-300x200.jpg 300w\" sizes=\"(max-width: 641px) 100vw, 641px\" \/><\/figure><\/li><\/ul>\n\n\n\n<p>Auch f\u00fcr das leibliche Wohl ist an diesen Abenden gesorgt, denn die Familien gestalten ein abwechslungsreiches Buffet, an dem sich jeder mit einer Kleinigkeit beteiligt.<\/p>\n\n\n\n<ul class=\"wp-block-gallery columns-3 is-cropped wp-block-gallery-2 is-layout-flex wp-block-gallery-is-layout-flex\"><li class=\"blocks-gallery-item\"><figure><img loading=\"lazy\" decoding=\"async\" width=\"641\" height=\"428\" src=\"https:\/\/servir.de\/wordpress\/wp-content\/uploads\/2018\/11\/15EA695B39A94D79A0DF50909A1DD967.jpg\" alt=\"\" data-id=\"1428\" data-link=\"https:\/\/servir.de\/wordpress\/?attachment_id=1428\" class=\"wp-image-1428\" srcset=\"https:\/\/servir.de\/wordpress\/wp-content\/uploads\/2018\/11\/15EA695B39A94D79A0DF50909A1DD967.jpg 641w, https:\/\/servir.de\/wordpress\/wp-content\/uploads\/2018\/11\/15EA695B39A94D79A0DF50909A1DD967-300x200.jpg 300w\" sizes=\"(max-width: 641px) 100vw, 641px\" \/><\/figure><\/li><li class=\"blocks-gallery-item\"><figure><img loading=\"lazy\" decoding=\"async\" width=\"428\" height=\"641\" src=\"https:\/\/servir.de\/wordpress\/wp-content\/uploads\/2018\/11\/075D3E003E9949EF83C66391B32277FD.jpg\" alt=\"\" data-id=\"1429\" data-link=\"https:\/\/servir.de\/wordpress\/?attachment_id=1429\" class=\"wp-image-1429\" srcset=\"https:\/\/servir.de\/wordpress\/wp-content\/uploads\/2018\/11\/075D3E003E9949EF83C66391B32277FD.jpg 428w, https:\/\/servir.de\/wordpress\/wp-content\/uploads\/2018\/11\/075D3E003E9949EF83C66391B32277FD-200x300.jpg 200w\" sizes=\"(max-width: 428px) 100vw, 428px\" \/><\/figure><\/li><li class=\"blocks-gallery-item\"><figure><img loading=\"lazy\" decoding=\"async\" width=\"4272\" height=\"2848\" src=\"https:\/\/servir.de\/wordpress\/wp-content\/uploads\/2018\/11\/Servir-Abend-18-02.jpg\" alt=\"\" data-id=\"1433\" data-link=\"https:\/\/servir.de\/wordpress\/?attachment_id=1433\" class=\"wp-image-1433\" srcset=\"https:\/\/servir.de\/wordpress\/wp-content\/uploads\/2018\/11\/Servir-Abend-18-02.jpg 4272w, https:\/\/servir.de\/wordpress\/wp-content\/uploads\/2018\/11\/Servir-Abend-18-02-300x200.jpg 300w, https:\/\/servir.de\/wordpress\/wp-content\/uploads\/2018\/11\/Servir-Abend-18-02-768x512.jpg 768w, https:\/\/servir.de\/wordpress\/wp-content\/uploads\/2018\/11\/Servir-Abend-18-02-1024x683.jpg 1024w, https:\/\/servir.de\/wordpress\/wp-content\/uploads\/2018\/11\/Servir-Abend-18-02-676x451.jpg 676w\" sizes=\"(max-width: 4272px) 100vw, 4272px\" \/><\/figure><\/li><\/ul>\n","protected":false},"excerpt":{"rendered":"<p>Seit 2015 l\u00e4dt der Servir e.V. die Sch\u00fclerinnen und Sch\u00fcler der Klassen 5 und deren Familien im Herbst zu einem Abend in gem\u00fctlicher Atmosph\u00e4re ein. Einerseits k\u00f6nnen so Kontakte zwischen den neuen Eltern gekn\u00fcpft werden, andererseits stellen wir an diesem Abend den Servir e.V. und die verschiedenen Projekte an der Schule wie zum Beispiel den [&hellip;]<\/p>\n","protected":false},"author":3,"featured_media":0,"parent":387,"menu_order":0,"comment_status":"closed","ping_status":"closed","template":"template-fullwidth.php","meta":{"ngg_post_thumbnail":0,"footnotes":""},"_links":{"self":[{"href":"https:\/\/servir.de\/index.php?rest_route=\/wp\/v2\/pages\/459"}],"collection":[{"href":"https:\/\/servir.de\/index.php?rest_route=\/wp\/v2\/pages"}],"about":[{"href":"https:\/\/servir.de\/index.php?rest_route=\/wp\/v2\/types\/page"}],"author":[{"embeddable":true,"href":"https:\/\/servir.de\/index.php?rest_route=\/wp\/v2\/users\/3"}],"replies":[{"embeddable":true,"href":"https:\/\/servir.de\/index.php?rest_route=%2Fwp%2Fv2%2Fcomments&post=459"}],"version-history":[{"count":12,"href":"https:\/\/servir.de\/index.php?rest_route=\/wp\/v2\/pages\/459\/revisions"}],"predecessor-version":[{"id":2271,"href":"https:\/\/servir.de\/index.php?rest_route=\/wp\/v2\/pages\/459\/revisions\/2271"}],"up":[{"embeddable":true,"href":"https:\/\/servir.de\/index.php?rest_route=\/wp\/v2\/pages\/387"}],"wp:attachment":[{"href":"https:\/\/servir.de\/index.php?rest_route=%2Fwp%2Fv2%2Fmedia&parent=459"}],"curies":[{"name":"wp","href":"https:\/\/api.w.org\/{rel}","templated":true}]}}

Abend für Servir

<div class="wp-block-image"><figure class="aligncenter is-resized"><img loading="lazy" decoding="async" src="https://servir.de/wordpress/wp-content/uploads/2018/11/Servir-Abend-18-04.jpg" alt="" class="wp-image-1419" width="896" height="597" srcset="https://servir.de/wordpress/wp-content/uploads/2018/11/Servir-Abend-18-04.jpg 4272w, https://servir.de/wordpress/wp-content/uploads/2018/11/Servir-Abend-18-04-300x200.jpg 300w, https://servir.de/wordpress/wp-content/uploads/2018/11/Servir-Abend-18-04-768x512.jpg 768w, https://servir.de/wordpress/wp-content/uploads/2018/11/Servir-Abend-18-04-1024x683.jpg 1024w, https://servir.de/wordpress/wp-content/uploads/2018/11/Servir-Abend-18-04-676x451.jpg 676w" sizes="(max-width: 896px) 100vw, 896px" /></figure></div>



<p>Seit 2015 lädt der Servir e.V. die Schülerinnen und Schüler der Klassen 5 und deren Familien im Herbst zu einem Abend in gemütlicher Atmosphäre ein. Einerseits können so Kontakte zwischen den neuen Eltern geknüpft werden, andererseits stellen wir an diesem Abend den Servir e.V. und die verschiedenen Projekte an der Schule wie zum Beispiel den Kuchenverkauf oder ALU vor. </p>



<p>Die Idee für diesen Abend entstand aus dem Gedanken heraus, wie wir Eltern und Schüler besser informieren und so auch mehr Unterstützung im Laufe der Schulzeit für unsere Projekte erfahren können.</p>



<ul class="wp-block-gallery alignwide columns-2 is-cropped wp-block-gallery-1 is-layout-flex wp-block-gallery-is-layout-flex"><li class="blocks-gallery-item"><figure><img loading="lazy" decoding="async" width="4272" height="2848" src="https://servir.de/wordpress/wp-content/uploads/2018/11/Servir-Abend-18-06.jpg" alt="" data-id="1437" data-link="https://servir.de/wordpress/?attachment_id=1437" class="wp-image-1437" srcset="https://servir.de/wordpress/wp-content/uploads/2018/11/Servir-Abend-18-06.jpg 4272w, https://servir.de/wordpress/wp-content/uploads/2018/11/Servir-Abend-18-06-300x200.jpg 300w, https://servir.de/wordpress/wp-content/uploads/2018/11/Servir-Abend-18-06-768x512.jpg 768w, https://servir.de/wordpress/wp-content/uploads/2018/11/Servir-Abend-18-06-1024x683.jpg 1024w, https://servir.de/wordpress/wp-content/uploads/2018/11/Servir-Abend-18-06-676x451.jpg 676w" sizes="(max-width: 4272px) 100vw, 4272px" /></figure></li><li class="blocks-gallery-item"><figure><img loading="lazy" decoding="async" width="641" height="428" src="https://servir.de/wordpress/wp-content/uploads/2018/11/8803544678E74E79AB0F4F6C83C185FE-2.jpg" alt="" data-id="1451" data-link="https://servir.de/wordpress/?attachment_id=1451" class="wp-image-1451" srcset="https://servir.de/wordpress/wp-content/uploads/2018/11/8803544678E74E79AB0F4F6C83C185FE-2.jpg 641w, https://servir.de/wordpress/wp-content/uploads/2018/11/8803544678E74E79AB0F4F6C83C185FE-2-300x200.jpg 300w" sizes="(max-width: 641px) 100vw, 641px" /></figure></li></ul>



<p>Auch für das leibliche Wohl ist an diesen Abenden gesorgt, denn die Familien gestalten ein abwechslungsreiches Buffet, an dem sich jeder mit einer Kleinigkeit beteiligt.</p>



<ul class="wp-block-gallery columns-3 is-cropped wp-block-gallery-2 is-layout-flex wp-block-gallery-is-layout-flex"><li class="blocks-gallery-item"><figure><img loading="lazy" decoding="async" width="641" height="428" src="https://servir.de/wordpress/wp-content/uploads/2018/11/15EA695B39A94D79A0DF50909A1DD967.jpg" alt="" data-id="1428" data-link="https://servir.de/wordpress/?attachment_id=1428" class="wp-image-1428" srcset="https://servir.de/wordpress/wp-content/uploads/2018/11/15EA695B39A94D79A0DF50909A1DD967.jpg 641w, https://servir.de/wordpress/wp-content/uploads/2018/11/15EA695B39A94D79A0DF50909A1DD967-300x200.jpg 300w" sizes="(max-width: 641px) 100vw, 641px" /></figure></li><li class="blocks-gallery-item"><figure><img loading="lazy" decoding="async" width="428" height="641" src="https://servir.de/wordpress/wp-content/uploads/2018/11/075D3E003E9949EF83C66391B32277FD.jpg" alt="" data-id="1429" data-link="https://servir.de/wordpress/?attachment_id=1429" class="wp-image-1429" srcset="https://servir.de/wordpress/wp-content/uploads/2018/11/075D3E003E9949EF83C66391B32277FD.jpg 428w, https://servir.de/wordpress/wp-content/uploads/2018/11/075D3E003E9949EF83C66391B32277FD-200x300.jpg 200w" sizes="(max-width: 428px) 100vw, 428px" /></figure></li><li class="blocks-gallery-item"><figure><img loading="lazy" decoding="async" width="4272" height="2848" src="https://servir.de/wordpress/wp-content/uploads/2018/11/Servir-Abend-18-02.jpg" alt="" data-id="1433" data-link="https://servir.de/wordpress/?attachment_id=1433" class="wp-image-1433" srcset="https://servir.de/wordpress/wp-content/uploads/2018/11/Servir-Abend-18-02.jpg 4272w, https://servir.de/wordpress/wp-content/uploads/2018/11/Servir-Abend-18-02-300x200.jpg 300w, https://servir.de/wordpress/wp-content/uploads/2018/11/Servir-Abend-18-02-768x512.jpg 768w, https://servir.de/wordpress/wp-content/uploads/2018/11/Servir-Abend-18-02-1024x683.jpg 1024w, https://servir.de/wordpress/wp-content/uploads/2018/11/Servir-Abend-18-02-676x451.jpg 676w" sizes="(max-width: 4272px) 100vw, 4272px" /></figure></li></ul>

<p>Seit 2015 lädt der Servir e.V. die Schülerinnen und Schüler der Klassen 5 und deren Familien im Herbst zu einem Abend in gemütlicher Atmosphäre ein. Einerseits können so Kontakte zwischen den neuen Eltern geknüpft werden, andererseits stellen wir an diesem Abend den Servir e.V. und die verschiedenen Projekte an der Schule wie zum Beispiel den [&hellip;]</p>
