{"id":23,"date":"2018-09-08T20:39:13","date_gmt":"2018-09-08T20:39:13","guid":{"rendered":"https:\/\/servir.de\/wordpress\/?page_id=23"},"modified":"2019-03-12T11:48:59","modified_gmt":"2019-03-12T11:48:59","slug":"verein","status":"publish","type":"page","link":"https:\/\/servir.de\/?page_id=23","title":{"rendered":"Der Verein"},"content":{"rendered":"\n<p>Der&nbsp;<strong>Servir e.V.<\/strong>&nbsp;ist ein Verein zur F\u00f6rderung der Idee der &#8220;Einen Welt&#8221; am Gymnasium &#8220;Maria K\u00f6nigin&#8221; in Lennestadt. Der Verein wurde im Dezember 1998 gegr\u00fcndet. Seine Wurzeln hat er im <strong>Arbeitskreis Servir<\/strong>. Dieser ist bereits seit Weihnachten 1985 an der Schule aktiv. Unsere <a href=\"https:\/\/servir.de\/wordpress\/?page_id=477\">Geschichte<\/a> sowie die <a href=\"https:\/\/servir.de\/wordpress\/?page_id=1591\">Satzung<\/a> k\u00f6nnen Sie auf diesen Seiten nachlesen.<\/p>\n\n\n\n<p>Der Schl\u00fcssel zum Verst\u00e4ndnis des Vereins liegt in der Beantwortung der folgenden Fragen:<\/p>\n\n\n\n<div class=\"wp-block-columns has-3-columns is-layout-flex wp-container-core-columns-is-layout-1 wp-block-columns-is-layout-flex\">\n<div class=\"wp-block-column is-layout-flow wp-block-column-is-layout-flow\">\n<div class=\"wp-block-cover has-background-dim is-layout-flow wp-block-cover-is-layout-flow\" style=\"background-image:url(https:\/\/servir.de\/wordpress\/wp-content\/uploads\/2018\/11\/Tag-f\u00fcr-Servir-Sch\u00fcler.jpg)\"><p class=\"wp-block-cover-text\"><a href=\"https:\/\/servir.de\/wordpress\/?page_id=685\">Wer<\/a><br><a href=\"https:\/\/servir.de\/wordpress\/?page_id=685\">sind wir?<\/a><\/p><\/div>\n\n\n\n<p><\/p>\n<\/div>\n\n\n\n<div class=\"wp-block-column is-layout-flow wp-block-column-is-layout-flow\">\n<div class=\"wp-block-cover has-background-dim is-layout-flow wp-block-cover-is-layout-flow\" style=\"background-image:url(https:\/\/servir.de\/wordpress\/wp-content\/uploads\/2018\/11\/Ansicht-Mutterhaus-Punamilia.jpg)\"><p class=\"wp-block-cover-text\"><a href=\"https:\/\/servir.de\/wordpress\/?page_id=1583\">Was<\/a><br><a href=\"https:\/\/servir.de\/wordpress\/?page_id=1583\">tun wir?<\/a><\/p><\/div>\n\n\n\n<p><\/p>\n<\/div>\n\n\n\n<div class=\"wp-block-column is-layout-flow wp-block-column-is-layout-flow\">\n<div class=\"wp-block-cover has-background-dim is-layout-flow wp-block-cover-is-layout-flow\" style=\"background-image:url(https:\/\/servir.de\/wordpress\/wp-content\/uploads\/2018\/12\/Ansicht-PequenoDavi.jpg)\"><p class=\"wp-block-cover-text\"><a href=\"https:\/\/servir.de\/wordpress\/?page_id=681\">Was motiviert uns?<\/a><\/p><\/div>\n\n\n\n<p><\/p>\n<\/div>\n<\/div>\n\n\n\n<p> \u25ba <strong><a href=\"https:\/\/servir.de\/wordpress\/?page_id=477\">Besondere Momente<\/a><\/strong><\/p>\n\n\n\n<p> \u25ba  <strong><a href=\"https:\/\/servir.de\/wordpress\/?page_id=1591\">Satzung des Servir e.V.<\/a><\/strong><br><\/p>\n","protected":false},"excerpt":{"rendered":"<p>Der&nbsp;Servir e.V.&nbsp;ist ein Verein zur F\u00f6rderung der Idee der &#8220;Einen Welt&#8221; am Gymnasium &#8220;Maria K\u00f6nigin&#8221; in Lennestadt. Der Verein wurde im Dezember 1998 gegr\u00fcndet. Seine Wurzeln hat er im Arbeitskreis Servir. Dieser ist bereits seit Weihnachten 1985 an der Schule aktiv. Unsere Geschichte sowie die Satzung k\u00f6nnen Sie auf diesen Seiten nachlesen. Der Schl\u00fcssel zum [&hellip;]<\/p>\n","protected":false},"author":5,"featured_media":0,"parent":0,"menu_order":2,"comment_status":"closed","ping_status":"closed","template":"template-fullwidth.php","meta":{"ngg_post_thumbnail":0,"footnotes":""},"_links":{"self":[{"href":"https:\/\/servir.de\/index.php?rest_route=\/wp\/v2\/pages\/23"}],"collection":[{"href":"https:\/\/servir.de\/index.php?rest_route=\/wp\/v2\/pages"}],"about":[{"href":"https:\/\/servir.de\/index.php?rest_route=\/wp\/v2\/types\/page"}],"author":[{"embeddable":true,"href":"https:\/\/servir.de\/index.php?rest_route=\/wp\/v2\/users\/5"}],"replies":[{"embeddable":true,"href":"https:\/\/servir.de\/index.php?rest_route=%2Fwp%2Fv2%2Fcomments&post=23"}],"version-history":[{"count":19,"href":"https:\/\/servir.de\/index.php?rest_route=\/wp\/v2\/pages\/23\/revisions"}],"predecessor-version":[{"id":2154,"href":"https:\/\/servir.de\/index.php?rest_route=\/wp\/v2\/pages\/23\/revisions\/2154"}],"wp:attachment":[{"href":"https:\/\/servir.de\/index.php?rest_route=%2Fwp%2Fv2%2Fmedia&parent=23"}],"curies":[{"name":"wp","href":"https:\/\/api.w.org\/{rel}","templated":true}]}}