{"id":1820,"date":"2018-12-28T10:23:05","date_gmt":"2018-12-28T10:23:05","guid":{"rendered":"https:\/\/servir.de\/wordpress\/?page_id=1820"},"modified":"2022-01-22T15:26:05","modified_gmt":"2022-01-22T15:26:05","slug":"mutterhaus-pundamilia","status":"publish","type":"page","link":"https:\/\/servir.de\/?page_id=1820","title":{"rendered":"Mutterhaus in Pundamilia"},"content":{"rendered":"\n<p>Der Orden der <a href=\"http:\/\/smiofbpmorrow.org\/\">Sisters auf Mary Immaculate<\/a> (dt. Schwestern der unbefleckten Empf\u00e4ngnis Marias) stammt urspr\u00fcnglich aus Indien, ist aber auch in Ostafrika weit verbreitet, insbesondere in Tansania. Der Standort in Pundamilia ist der erste in Kenia. Die Schwestern werden w\u00e4hrend Ihrer Ausbildung zu Ordensschwestern ebenfalls zu Krankenschwestern oder Lehrerinnen ausgebildet, sodass sie auch aktiv in der <a href=\"https:\/\/servir.de\/wordpress\/?page_id=1668\">Krankenstation <\/a>und der <a href=\"https:\/\/servir.de\/wordpress\/?page_id=1666\">Schule <\/a>mitarbeiten k\u00f6nnen.<\/p>\n\n\n\n<figure class=\"wp-block-gallery columns-2 is-cropped wp-block-gallery-1 is-layout-flex wp-block-gallery-is-layout-flex\"><ul class=\"blocks-gallery-grid\"><li class=\"blocks-gallery-item\"><figure><img loading=\"lazy\" decoding=\"async\" width=\"1024\" height=\"674\" src=\"https:\/\/servir.de\/wordpress\/wp-content\/uploads\/2018\/12\/schwestern-1024x674.jpg\" alt=\"\" data-id=\"1848\" data-link=\"https:\/\/servir.de\/wordpress\/?attachment_id=1848\" class=\"wp-image-1848\" srcset=\"https:\/\/servir.de\/wordpress\/wp-content\/uploads\/2018\/12\/schwestern-1024x674.jpg 1024w, https:\/\/servir.de\/wordpress\/wp-content\/uploads\/2018\/12\/schwestern-300x198.jpg 300w, https:\/\/servir.de\/wordpress\/wp-content\/uploads\/2018\/12\/schwestern-768x506.jpg 768w, https:\/\/servir.de\/wordpress\/wp-content\/uploads\/2018\/12\/schwestern-676x445.jpg 676w\" sizes=\"(max-width: 1024px) 100vw, 1024px\" \/><figcaption class=\"blocks-gallery-item__caption\">Die Schwestern <\/figcaption><\/figure><\/li><li class=\"blocks-gallery-item\"><figure><img loading=\"lazy\" decoding=\"async\" width=\"1024\" height=\"742\" src=\"https:\/\/servir.de\/wordpress\/wp-content\/uploads\/2018\/12\/mutterhaus-1024x742.jpg\" alt=\"\" data-id=\"1821\" data-link=\"https:\/\/servir.de\/wordpress\/?attachment_id=1821\" class=\"wp-image-1821\" srcset=\"https:\/\/servir.de\/wordpress\/wp-content\/uploads\/2018\/12\/mutterhaus-1024x742.jpg 1024w, https:\/\/servir.de\/wordpress\/wp-content\/uploads\/2018\/12\/mutterhaus-300x217.jpg 300w, https:\/\/servir.de\/wordpress\/wp-content\/uploads\/2018\/12\/mutterhaus-768x557.jpg 768w, https:\/\/servir.de\/wordpress\/wp-content\/uploads\/2018\/12\/mutterhaus-676x490.jpg 676w, https:\/\/servir.de\/wordpress\/wp-content\/uploads\/2018\/12\/mutterhaus.jpg 1388w\" sizes=\"(max-width: 1024px) 100vw, 1024px\" \/><figcaption class=\"blocks-gallery-item__caption\">Das Mutterhaus<\/figcaption><\/figure><\/li><\/ul><\/figure>\n\n\n\n<p>Das Haus liegt ganz in der N\u00e4he des Ortszentrums von Pundamilia, in dem bereits eine Kirche sowie eine Grundschule der Salesianer von <a href=\"https:\/\/servir.de\/wordpress\/?page_id=1664\">Don Bosco Makuyu<\/a> existieren. Das Mutterhaus ist m\u00f6glichst autark angelegt. Die Schwestern betreiben auf dem Gel\u00e4nde eigene G\u00e4rten, halten verschiedenen Tiere, sammeln bestm\u00f6glich <a href=\"https:\/\/servir.de\/wordpress\/?page_id=1699\">Regenwasser<\/a> und erzeugen mit einer Solaranlage Ihren eigenen Strom. Eine kleine Kapelle ist ebenfalls in das Mutterhaus integriert.<\/p>\n\n\n\n<p>Bekommen Sie einen 360\u00b0 Eindruck von dem Mutterhaus. Schauen Sie sich dazu mit der Maus oder per Finger darin um:<\/p>\n\n\n\n<figure style=\"width:800px;height:399px\" class=\"wp-block-cgb-block-algori-360-image\"><a-scene embedded=\"\"><a-sky src=\"https:\/\/servir.de\/wordpress\/wp-content\/uploads\/2018\/12\/mutterhaus360.jpg\"><\/a-sky><\/a-scene><\/figure>\n\n\n\n<p> Ausf\u00fchrliche Informationen finden Sie im <a href=\"https:\/\/servir.de\/wordpress\/?page_id=496\">Rundbrief 2014<\/a>.<\/p>\n","protected":false},"excerpt":{"rendered":"<p>Der Orden der Sisters auf Mary Immaculate (dt. Schwestern der unbefleckten Empf\u00e4ngnis Marias) stammt urspr\u00fcnglich aus Indien, ist aber auch in Ostafrika weit verbreitet, insbesondere in Tansania. Der Standort in Pundamilia ist der erste in Kenia. Die Schwestern werden w\u00e4hrend Ihrer Ausbildung zu Ordensschwestern ebenfalls zu Krankenschwestern oder Lehrerinnen ausgebildet, sodass sie auch aktiv in [&hellip;]<\/p>\n","protected":false},"author":3,"featured_media":0,"parent":386,"menu_order":0,"comment_status":"closed","ping_status":"closed","template":"template-fullwidth.php","meta":{"ngg_post_thumbnail":0,"footnotes":""},"_links":{"self":[{"href":"https:\/\/servir.de\/index.php?rest_route=\/wp\/v2\/pages\/1820"}],"collection":[{"href":"https:\/\/servir.de\/index.php?rest_route=\/wp\/v2\/pages"}],"about":[{"href":"https:\/\/servir.de\/index.php?rest_route=\/wp\/v2\/types\/page"}],"author":[{"embeddable":true,"href":"https:\/\/servir.de\/index.php?rest_route=\/wp\/v2\/users\/3"}],"replies":[{"embeddable":true,"href":"https:\/\/servir.de\/index.php?rest_route=%2Fwp%2Fv2%2Fcomments&post=1820"}],"version-history":[{"count":18,"href":"https:\/\/servir.de\/index.php?rest_route=\/wp\/v2\/pages\/1820\/revisions"}],"predecessor-version":[{"id":2678,"href":"https:\/\/servir.de\/index.php?rest_route=\/wp\/v2\/pages\/1820\/revisions\/2678"}],"up":[{"embeddable":true,"href":"https:\/\/servir.de\/index.php?rest_route=\/wp\/v2\/pages\/386"}],"wp:attachment":[{"href":"https:\/\/servir.de\/index.php?rest_route=%2Fwp%2Fv2%2Fmedia&parent=1820"}],"curies":[{"name":"wp","href":"https:\/\/api.w.org\/{rel}","templated":true}]}}